True
Is 1094 composite?
True
Is 21647 composite?
False
Is 23099 a prime number?
True
Is 89153 prime?
True
Is 379489 a composite number?
True
Is 958961 prime?
False
Is 22853 composite?
False
Is 1720513 prime?
True
Is 40805 composite?
True
Is 77189 a composite number?
True
Is 1801 composite?
False
Is 190885 a prime number?
False
Is 167093 a composite number?
True
Is 294497 a composite number?
True
Is 190103 composite?
True
Is 23719 prime?
True
Is 96443 a prime number?
True
Is 6711 a composite number?
True
Is 113853 prime?
False
Is 66337 prime?
True
Is 85431 a prime number?
False
Is 99223 a composite number?
False
Is 45553 composite?
False
Is 489817 a prime number?
True
Is 113111 composite?
False
Is 4547 a composite number?
False
Is 298601 a composite number?
False
Is 92059 prime?
False
Is 41443 a composite number?
False
Is 9131 a composite number?
True
Is 157627 composite?
False
Is 332441 a composite number?
False
Is 587 prime?
True
Is 58511 a composite number?
False
Is 9293 composite?
False
Is 3151 composite?
True
Is 36745 composite?
True
Is 146959 a prime number?
False
Is 439613 a composite number?
False
Is 5111 composite?
True
Is 68795 a composite number?
True
Is 115946 a composite number?
True
Is 215665 prime?
False
Is 1400923 a composite number?
False
Is 7309 prime?
True
Is 17087 composite?
True
Is 3967 a prime number?
True
Is 51953 a prime number?
False
Is 197839 a composite number?
True
Is 33973 composite?
True
Is 9533 a composite number?
False
Is 1635299 a prime number?
True
Is 4099 a prime number?
True
Is 559991 a composite number?
False
Is 126367 a composite number?
True
Is 617359 a composite number?
False
Is 13646 prime?
False
Is 100571 prime?
False
Is 229309 composite?
False
Is 3103 prime?
False
Is 118483 a prime number?
False
Is 51967 a prime number?
False
Is 2126491 composite?
False
Is 18229 a composite number?
False
Is 1149881 a composite number?
False
Is 6503 a prime number?
False
Is 24305 prime?
False
Is 459581 composite?
True
Is 21713 a prime number?
True
Is 86423 composite?
False
Is 4711 composite?
True
Is 991793 a composite number?
True
Is 4049 a composite number?
False
Is 4751 prime?
True
Is 13921 prime?
True
Is 3156053 a prime number?
True
Is 20953 a prime number?
False
Is 1528081 prime?
False
Is 150935 prime?
False
Is 103679 prime?
False
Is 91433 a prime number?
True
Is 333331 composite?
False
Is 71943 a prime number?
False
Is 509 a composite number?
False
Is 1953859 a prime number?
False
Is 1087 composite?
False
Is 157915 a composite number?
True
Is 2826665 a prime number?
False
Is 9055 a composite number?
True
Is 304477 a composite number?
False
Is 24385 composite?
True
Is 7985 a prime number?
False
Is 235546 a composite number?
True
Is 50383 a composite number?
False
Is 198938 composite?
True
Is 20019 composite?
True
Is 124231 a composite number?
False
Is 4171 a prime number?
False
Is 14921 a prime number?
False
Is 47219 prime?
False
Is 3814 prime?
False
Is 25841 a prime number?
True
Is 1087 a prime number?
True
Is 94597 composite?
False
Is 642359 composite?
False
Is 464183 prime?
False
Is 23467 composite?
True
Is 43451 a prime number?
True
Is 3365 a composite number?
True
Is 610637 a prime number?
False
Is 1801 prime?
True
Is 6139 composite?
True
Is 30517 composite?
False
Is 25733 a composite number?
False
Is 1747 prime?
True
Is 14321 a composite number?
False
Is 45397 a prime number?
False
Is 6287 prime?
True
Is 329867 a composite number?
False
Is 1007 a prime number?
False
Is 750287 a composite number?
False
Is 290843 prime?
False
Is 132889 a composite number?
True
Is 435697 a composite number?
True
Is 59459 a prime number?
False
Is 146201 a prime number?
False
Is 11347 prime?
False
Is 221801 composite?
True
Is 10433 a prime number?
True
Is 4559 prime?
False
Is 2371 composite?
False
Is 1966081 a prime number?
False
Is 6247 a composite number?
False
Is 5779 a prime number?
True
Is 58657 a prime number?
True
Is 416701 composite?
True
Is 34462 prime?
False
Is 849487 composite?
True
Is 21766 a composite number?
True
Is 45583 a prime number?
False
Is 109267 a prime number?
True
Is 6805 prime?
False
Is 9293 a composite number?
False
Is 1262 a composite number?
True
Is 7309 a composite number?
False
Is 12437 prime?
True
Is 35081 composite?
False
Is 1126153 composite?
True
Is 12287 a composite number?
True
Is 269513 a prime number?
True
Is 34939 a prime number?
True
Is 13649 prime?
True
Is 223087 prime?
True
Is 3743 prime?
False
Is 864551 prime?
True
Is 68261 composite?
False
Is 5079 prime?
False
Is 34063 a prime number?
False
Is 51733 a composite number?
True
Is 4705 composite?
True
Is 920503 prime?
False
Is 1224131 a composite number?
False
Is 515963 a composite number?
True
Is 242485 a composite number?
True
Is 4663 a prime number?
True
Is 460469 a composite number?
True
Is 20123 a composite number?
False
Is 196111 a composite number?
False
Is 13649 a prime number?
True
Is 3953 a composite number?
True
Is 1361 a prime number?
True
Is 3503 a prime number?
False
Is 284399 a prime number?
False
Is 1493537 a prime number?
True
Is 118765 prime?
False
Is 19949 composite?
False
Is 5431 prime?
True
Is 3683 composite?
True
Is 97593 a prime number?
False
Is 490241 a composite number?
False
Is 105949 composite?
True
Is 22343 a composite number?
False
Is 1023409 a prime number?
True
Is 271097 a composite number?
False
Is 312519 prime?
False
Is 47557 prime?
False
Is 18861 a prime number?
False
Is 18385 a prime number?
False
Is 144071 prime?
True
Is 9709283 composite?
False
Is 3109 a composite number?
False
Is 212969 a prime number?
True
Is 863931 prime?
False
Is 24547 a composite number?
False
Is 502237 a composite number?
False
Is 781177 prime?
False
Is 3907 prime?
True
Is 38497 a prime number?
False
Is 17317 prime?
True
Is 251 prime?
True
Is 1652629 a composite number?
True
Is 99703 a prime number?
False
Is 1974811 a composite number?
True
Is 277819 composite?
True
Is 20681 prime?
True
Is 8143 a prime number?
False
Is 10113 a prime number?
False
Is 12515 prime?
False
Is 251333 a prime number?
False
Is 1191821 a composite number?
False
Is 235217 prime?
False
Is 119389 composite?
False
Is 4327 composite?
False
Is 47941 a composite number?
True
Is 1020959 a prime number?
True
Is 14281 a composite number?
False
Is 10487 a composite number?
False
Is 23773 composite?
False
Is 289727 a composite number?
False
Is 6887 a prime number?
False
Is 51 a prime number?
False
Is 339409 a prime number?
False
Is 733933 a composite number?
True
Is 173587 a prime number?
False
Is 2927 a composite number?
False
Is 119291 a prime number?
True
Is 10265 a composite number?
True
Is 539707 composite?
True
Is 4535 prime?
False
Is 26591 a prime number?
True
Is 126899 prime?
False
Is 1105807 a composite number?
False
Is 1568711 composite?
True
Is 134501 a prime number?
False
Is 17881 a prime number?
True
Is 168391 prime?
True
Is 35729 composite?
False
Is 489329 a prime number?
True
Is 45574 a prime number?
False
Is 17137 composite?
False
Is 46471 a composite number?
False
Is 38531 prime?
False
Is 45587 a composite number?
False
Is 2721 prime?
False
Is 115793 a composite number?
False
Is 14591 prime?
True
Is 25199 prime?
False
Is 24946 prime?
False
Is 27361 a prime number?
True
Is 303257 a composite number?
False
Is 14189 prime?
False
Is 202967 a prime number?
True
Is 1360861 a composite number?
False
Is 3263 a composite number?
True
Is 5069 prime?
False
Is 15493 a composite number?
False
Is 1173199 a prime number?
True
Is 200933 a prime number?
False
Is 116329 prime?
True
Is 4649 composite?
False
Is 514513 prime?
True
Is 2927 prime?
True
Is 29059 a prime number?
True
Is 67901 prime?
True
Is 43773 a composite number?
True
Is 27673 a composite number?
False
Is 220954 prime?
False
Is 12071 composite?
False
Is 62329 a composite number?
True
Is 13711 composite?
False
Is 54311 a prime number?
True
Is 1693529 composite?
False
Is 9221 prime?
True
Is 32345 composite?
True
Is 503809 a prime number?
False
Is 37841 prime?
False
Is 42565 a prime number?
False
Is 45743 a composite number?
True
Is 44399 a prime number?
False
Is 2543207 a composite number?
True
Is 17447 composite?
True
Is 455691 composite?
True
Is 622849 prime?
True
Is 115499 a composite number?
False
Is 8